{"id":186,"date":"2022-07-15T07:47:37","date_gmt":"2022-07-15T07:47:37","guid":{"rendered":"https:\/\/vila-prag.ms.decms.eu\/o-nas\/about-jaroslav-dietl\/"},"modified":"2024-12-19T15:39:42","modified_gmt":"2024-12-19T15:39:42","slug":"o-jaroslavu-dietlovi","status":"publish","type":"page","link":"https:\/\/www.vilaprag.cz\/cs\/o-nas\/o-jaroslavu-dietlovi\/","title":{"rendered":"O Jaroslavu Dietlovi"},"content":{"rendered":"<p><span style=\"font-weight: 400\">Jaroslav Dietl <em>(22. kv\u011btna 1929, Z\u00e1h\u0159eb \u2013 29. \u010dervna 1985, Praha)<\/em> byl \u010desk\u00fd autor televizn\u00edch seri\u00e1l\u016f, filmov\u00fd a televizn\u00ed sc\u00e9n\u00e1rista, dramatik a dramaturg p\u016fsob\u00edc\u00ed zejm\u00e9na v\u00a0obdob\u00ed noramlizace.<\/span><\/p>\n<p>Dietlova scen\u00e1ristick\u00e1 specifi\u010dnost spo\u010d\u00edvala ve schopnosti dokonal\u00e9ho p\u0159izp\u016fsoben\u00ed se m\u00e9diu, a\u0165 u\u017e to byla televize nebo film. Jeho vyhran\u011bnost a z\u00e1rove\u0148 laskavost v\u016f\u010di postav\u00e1m, kter\u00e9 vytvo\u0159il, byla kl\u00ed\u010dem k osloven\u00ed televizn\u00edho a filmov\u00e9ho publika. Jako prvn\u00ed \u010desk\u00fd autor vytvo\u0159il specifick\u00fd \u017e\u00e1nr tzv. rodinn\u00e9ho seri\u00e1lu, kter\u00fd byl postaven na velk\u00e9m epick\u00e9m vypr\u00e1v\u011bn\u00ed na pokra\u010dov\u00e1n\u00ed. Sch\u00e9ma jeho vypr\u00e1v\u011bn\u00ed vych\u00e1z\u00ed z ur\u010dit\u00e9ho soci\u00e1ln\u00edho prost\u0159ed\u00ed (zdravotnictv\u00ed, zem\u011bd\u011blstv\u00ed, pr\u016fmysl, obchod), kter\u00e9 r\u00e1muje chov\u00e1n\u00ed a vztahy jeho postav. Vedle specifi\u010dnosti sv\u00e9ho psan\u00ed m\u011bl Dietl i druhou polohu \u2013 rozporuplnost \u2013 kter\u00e1 se nejv\u00edce projevovala v ochot\u011b, s jakou p\u0159ij\u00edmal nab\u00eddky na tzv. spole\u010denskou objedn\u00e1vku, pod kterou se skr\u00fdvala objedn\u00e1vka komunistick\u00e9ho re\u017eimu na vytvo\u0159en\u00ed prore\u017eimn\u00edho d\u00edla.<\/p>\n<p>Dietlovi v\u0161ak nelze up\u0159\u00edt, \u017ee se sna\u017eil o kritiku (samoz\u0159ejm\u011b v povolen\u00e9 norm\u011b), kterou prost\u0159ednictv\u00edm sv\u00fdch seri\u00e1l\u016f a satirick\u00fdch replik postav v nich, vys\u00edlal autoritativn\u00edmu syst\u00e9mu.<\/p>\n<p>&nbsp;<\/p>\n<p>&nbsp;<\/p>\n","protected":false},"excerpt":{"rendered":"<p>Jaroslav Dietl (22. kv\u011btna 1929, Z\u00e1h\u0159eb \u2013 29. \u010dervna 1985, Praha) byl \u010desk\u00fd autor televizn\u00edch seri\u00e1l\u016f, filmov\u00fd a televizn\u00ed sc\u00e9n\u00e1rista, dramatik a dramaturg p\u016fsob\u00edc\u00ed zejm\u00e9na v\u00a0obdob\u00ed noramlizace. Dietlova scen\u00e1ristick\u00e1 specifi\u010dnost spo\u010d\u00edvala ve schopnosti dokonal\u00e9ho p\u0159izp\u016fsoben\u00ed se m\u00e9diu, a\u0165 u\u017e to byla televize nebo film. Jeho vyhran\u011bnost a z\u00e1rove\u0148 laskavost v\u016f\u010di postav\u00e1m, kter\u00e9 vytvo\u0159il, byla kl\u00ed\u010dem [&hellip;]<\/p>\n","protected":false},"author":479,"featured_media":0,"parent":170,"menu_order":3,"comment_status":"closed","ping_status":"closed","template":"template-default-3.php","meta":{"footnotes":""},"categories":[],"class_list":["post-186","page","type-page","status-publish","hentry"],"yoast_head":"<!-- This site is optimized with the Yoast SEO plugin v26.9 - https:\/\/yoast.com\/product\/yoast-seo-wordpress\/ -->\n<title>O Jaroslavu Dietlovi - Vila Prag<\/title>\n<meta name=\"description\" content=\"Jaroslav Dietl (22. kv\u011btna 1929, Z\u00e1h\u0159eb \u2013 29\" \/>\n<meta name=\"robots\" content=\"index, follow, max-snippet:-1, max-image-preview:large, max-video-preview:-1\" \/>\n<link rel=\"canonical\" href=\"https:\/\/www.vilaprag.cz\/cs\/o-nas\/o-jaroslavu-dietlovi\/\" \/>\n<meta property=\"og:locale\" content=\"cs_CZ\" \/>\n<meta property=\"og:type\" content=\"article\" \/>\n<meta property=\"og:title\" content=\"O Jaroslavu Dietlovi - Vila Prag\" \/>\n<meta property=\"og:description\" content=\"Jaroslav Dietl (22. kv\u011btna 1929, Z\u00e1h\u0159eb \u2013 29\" \/>\n<meta property=\"og:url\" content=\"https:\/\/www.vilaprag.cz\/cs\/o-nas\/o-jaroslavu-dietlovi\/\" \/>\n<meta property=\"og:site_name\" content=\"Vila Prag\" \/>\n<meta property=\"article:modified_time\" content=\"2024-12-19T15:39:42+00:00\" \/>\n<meta name=\"twitter:card\" content=\"summary_large_image\" \/>\n<meta name=\"twitter:label1\" content=\"Odhadovan\u00e1 doba \u010dten\u00ed\" \/>\n\t<meta name=\"twitter:data1\" content=\"1 minuta\" \/>\n<script type=\"application\/ld+json\" class=\"yoast-schema-graph\">{\"@context\":\"https:\/\/schema.org\",\"@graph\":[{\"@type\":\"WebPage\",\"@id\":\"https:\/\/www.vilaprag.cz\/cs\/o-nas\/o-jaroslavu-dietlovi\/\",\"url\":\"https:\/\/www.vilaprag.cz\/cs\/o-nas\/o-jaroslavu-dietlovi\/\",\"name\":\"O Jaroslavu Dietlovi - Vila Prag\",\"isPartOf\":{\"@id\":\"https:\/\/www.vilaprag.cz\/cs\/#website\"},\"datePublished\":\"2022-07-15T07:47:37+00:00\",\"dateModified\":\"2024-12-19T15:39:42+00:00\",\"description\":\"Jaroslav Dietl (22. kv\u011btna 1929, Z\u00e1h\u0159eb \u2013 29\",\"breadcrumb\":{\"@id\":\"https:\/\/www.vilaprag.cz\/cs\/o-nas\/o-jaroslavu-dietlovi\/#breadcrumb\"},\"inLanguage\":\"cs\",\"potentialAction\":[{\"@type\":\"ReadAction\",\"target\":[\"https:\/\/www.vilaprag.cz\/cs\/o-nas\/o-jaroslavu-dietlovi\/\"]}]},{\"@type\":\"BreadcrumbList\",\"@id\":\"https:\/\/www.vilaprag.cz\/cs\/o-nas\/o-jaroslavu-dietlovi\/#breadcrumb\",\"itemListElement\":[{\"@type\":\"ListItem\",\"position\":1,\"name\":\"Home\",\"item\":\"https:\/\/www.vilaprag.cz\/cs\/\"},{\"@type\":\"ListItem\",\"position\":2,\"name\":\"O n\u00e1s\",\"item\":\"https:\/\/www.vilaprag.cz\/cs\/o-nas\/\"},{\"@type\":\"ListItem\",\"position\":3,\"name\":\"O Jaroslavu Dietlovi\"}]},{\"@type\":\"WebSite\",\"@id\":\"https:\/\/www.vilaprag.cz\/cs\/#website\",\"url\":\"https:\/\/www.vilaprag.cz\/cs\/\",\"name\":\"Vila Prag\",\"description\":\"Just another ms.decms.eu site\",\"potentialAction\":[{\"@type\":\"SearchAction\",\"target\":{\"@type\":\"EntryPoint\",\"urlTemplate\":\"https:\/\/www.vilaprag.cz\/cs\/?s={search_term_string}\"},\"query-input\":{\"@type\":\"PropertyValueSpecification\",\"valueRequired\":true,\"valueName\":\"search_term_string\"}}],\"inLanguage\":\"cs\"}]}<\/script>\n<!-- \/ Yoast SEO plugin. -->","yoast_head_json":{"title":"O Jaroslavu Dietlovi - Vila Prag","description":"Jaroslav Dietl (22. kv\u011btna 1929, Z\u00e1h\u0159eb \u2013 29","robots":{"index":"index","follow":"follow","max-snippet":"max-snippet:-1","max-image-preview":"max-image-preview:large","max-video-preview":"max-video-preview:-1"},"canonical":"https:\/\/www.vilaprag.cz\/cs\/o-nas\/o-jaroslavu-dietlovi\/","og_locale":"cs_CZ","og_type":"article","og_title":"O Jaroslavu Dietlovi - Vila Prag","og_description":"Jaroslav Dietl (22. kv\u011btna 1929, Z\u00e1h\u0159eb \u2013 29","og_url":"https:\/\/www.vilaprag.cz\/cs\/o-nas\/o-jaroslavu-dietlovi\/","og_site_name":"Vila Prag","article_modified_time":"2024-12-19T15:39:42+00:00","twitter_card":"summary_large_image","twitter_misc":{"Odhadovan\u00e1 doba \u010dten\u00ed":"1 minuta"},"schema":{"@context":"https:\/\/schema.org","@graph":[{"@type":"WebPage","@id":"https:\/\/www.vilaprag.cz\/cs\/o-nas\/o-jaroslavu-dietlovi\/","url":"https:\/\/www.vilaprag.cz\/cs\/o-nas\/o-jaroslavu-dietlovi\/","name":"O Jaroslavu Dietlovi - Vila Prag","isPartOf":{"@id":"https:\/\/www.vilaprag.cz\/cs\/#website"},"datePublished":"2022-07-15T07:47:37+00:00","dateModified":"2024-12-19T15:39:42+00:00","description":"Jaroslav Dietl (22. kv\u011btna 1929, Z\u00e1h\u0159eb \u2013 29","breadcrumb":{"@id":"https:\/\/www.vilaprag.cz\/cs\/o-nas\/o-jaroslavu-dietlovi\/#breadcrumb"},"inLanguage":"cs","potentialAction":[{"@type":"ReadAction","target":["https:\/\/www.vilaprag.cz\/cs\/o-nas\/o-jaroslavu-dietlovi\/"]}]},{"@type":"BreadcrumbList","@id":"https:\/\/www.vilaprag.cz\/cs\/o-nas\/o-jaroslavu-dietlovi\/#breadcrumb","itemListElement":[{"@type":"ListItem","position":1,"name":"Home","item":"https:\/\/www.vilaprag.cz\/cs\/"},{"@type":"ListItem","position":2,"name":"O n\u00e1s","item":"https:\/\/www.vilaprag.cz\/cs\/o-nas\/"},{"@type":"ListItem","position":3,"name":"O Jaroslavu Dietlovi"}]},{"@type":"WebSite","@id":"https:\/\/www.vilaprag.cz\/cs\/#website","url":"https:\/\/www.vilaprag.cz\/cs\/","name":"Vila Prag","description":"Just another ms.decms.eu site","potentialAction":[{"@type":"SearchAction","target":{"@type":"EntryPoint","urlTemplate":"https:\/\/www.vilaprag.cz\/cs\/?s={search_term_string}"},"query-input":{"@type":"PropertyValueSpecification","valueRequired":true,"valueName":"search_term_string"}}],"inLanguage":"cs"}]}},"acf":[],"_links":{"self":[{"href":"https:\/\/www.vilaprag.cz\/cs\/wp-json\/wp\/v2\/pages\/186","targetHints":{"allow":["GET"]}}],"collection":[{"href":"https:\/\/www.vilaprag.cz\/cs\/wp-json\/wp\/v2\/pages"}],"about":[{"href":"https:\/\/www.vilaprag.cz\/cs\/wp-json\/wp\/v2\/types\/page"}],"author":[{"embeddable":true,"href":"https:\/\/www.vilaprag.cz\/cs\/wp-json\/wp\/v2\/users\/479"}],"replies":[{"embeddable":true,"href":"https:\/\/www.vilaprag.cz\/cs\/wp-json\/wp\/v2\/comments?post=186"}],"version-history":[{"count":0,"href":"https:\/\/www.vilaprag.cz\/cs\/wp-json\/wp\/v2\/pages\/186\/revisions"}],"up":[{"embeddable":true,"href":"https:\/\/www.vilaprag.cz\/cs\/wp-json\/wp\/v2\/pages\/170"}],"wp:attachment":[{"href":"https:\/\/www.vilaprag.cz\/cs\/wp-json\/wp\/v2\/media?parent=186"}],"wp:term":[{"taxonomy":"category","embeddable":true,"href":"https:\/\/www.vilaprag.cz\/cs\/wp-json\/wp\/v2\/categories?post=186"}],"curies":[{"name":"wp","href":"https:\/\/api.w.org\/{rel}","templated":true}]}}

<p><span style="font-weight: 400">Jaroslav Dietl <em>(22. května 1929, Záhřeb – 29. června 1985, Praha)</em> byl český autor televizních seriálů, filmový a televizní scénárista, dramatik a dramaturg působící zejména v období noramlizace.</span></p>
<p>Dietlova scenáristická specifičnost spočívala ve schopnosti dokonalého přizpůsobení se médiu, ať už to byla televize nebo film. Jeho vyhraněnost a zároveň laskavost vůči postavám, které vytvořil, byla klíčem k oslovení televizního a filmového publika. Jako první český autor vytvořil specifický žánr tzv. rodinného seriálu, který byl postaven na velkém epickém vyprávění na pokračování. Schéma jeho vyprávění vychází z určitého sociálního prostředí (zdravotnictví, zemědělství, průmysl, obchod), které rámuje chování a vztahy jeho postav. Vedle specifičnosti svého psaní měl Dietl i druhou polohu – rozporuplnost – která se nejvíce projevovala v ochotě, s jakou přijímal nabídky na tzv. společenskou objednávku, pod kterou se skrývala objednávka komunistického režimu na vytvoření prorežimního díla.</p>
<p>Dietlovi však nelze upřít, že se snažil o kritiku (samozřejmě v povolené normě), kterou prostřednictvím svých seriálů a satirických replik postav v nich, vysílal autoritativnímu systému.</p>
<p>&nbsp;</p>
<p>&nbsp;</p>

<p>Jaroslav Dietl (22. května 1929, Záhřeb – 29. června 1985, Praha) byl český autor televizních seriálů, filmový a televizní scénárista, dramatik a dramaturg působící zejména v období noramlizace. Dietlova scenáristická specifičnost spočívala ve schopnosti dokonalého přizpůsobení se médiu, ať už to byla televize nebo film. Jeho vyhraněnost a zároveň laskavost vůči postavám, které vytvořil, byla klíčem [&hellip;]</p>

<!-- This site is optimized with the Yoast SEO plugin v26.9 - https://yoast.com/product/yoast-seo-wordpress/ -->
<title>O Jaroslavu Dietlovi - Vila Prag</title>
<meta name="description" content="Jaroslav Dietl (22. května 1929, Záhřeb – 29" />
<meta name="robots" content="index, follow, max-snippet:-1, max-image-preview:large, max-video-preview:-1" />
<link rel="canonical" href="https://www.vilaprag.cz/cs/o-nas/o-jaroslavu-dietlovi/" />
<meta property="og:locale" content="cs_CZ" />
<meta property="og:type" content="article" />
<meta property="og:title" content="O Jaroslavu Dietlovi - Vila Prag" />
<meta property="og:description" content="Jaroslav Dietl (22. května 1929, Záhřeb – 29" />
<meta property="og:url" content="https://www.vilaprag.cz/cs/o-nas/o-jaroslavu-dietlovi/" />
<meta property="og:site_name" content="Vila Prag" />
<meta property="article:modified_time" content="2024-12-19T15:39:42+00:00" />
<meta name="twitter:card" content="summary_large_image" />
<meta name="twitter:label1" content="Odhadovaná doba čtení" />
	<meta name="twitter:data1" content="1 minuta" />
<script type="application/ld+json" class="yoast-schema-graph">{"@context":"https://schema.org","@graph":[{"@type":"WebPage","@id":"https://www.vilaprag.cz/cs/o-nas/o-jaroslavu-dietlovi/","url":"https://www.vilaprag.cz/cs/o-nas/o-jaroslavu-dietlovi/","name":"O Jaroslavu Dietlovi - Vila Prag","isPartOf":{"@id":"https://www.vilaprag.cz/cs/#website"},"datePublished":"2022-07-15T07:47:37+00:00","dateModified":"2024-12-19T15:39:42+00:00","description":"Jaroslav Dietl (22. května 1929, Záhřeb – 29","breadcrumb":{"@id":"https://www.vilaprag.cz/cs/o-nas/o-jaroslavu-dietlovi/#breadcrumb"},"inLanguage":"cs","potentialAction":[{"@type":"ReadAction","target":["https://www.vilaprag.cz/cs/o-nas/o-jaroslavu-dietlovi/"]}]},{"@type":"BreadcrumbList","@id":"https://www.vilaprag.cz/cs/o-nas/o-jaroslavu-dietlovi/#breadcrumb","itemListElement":[{"@type":"ListItem","position":1,"name":"Home","item":"https://www.vilaprag.cz/cs/"},{"@type":"ListItem","position":2,"name":"O nás","item":"https://www.vilaprag.cz/cs/o-nas/"},{"@type":"ListItem","position":3,"name":"O Jaroslavu Dietlovi"}]},{"@type":"WebSite","@id":"https://www.vilaprag.cz/cs/#website","url":"https://www.vilaprag.cz/cs/","name":"Vila Prag","description":"Just another ms.decms.eu site","potentialAction":[{"@type":"SearchAction","target":{"@type":"EntryPoint","urlTemplate":"https://www.vilaprag.cz/cs/?s={search_term_string}"},"query-input":{"@type":"PropertyValueSpecification","valueRequired":true,"valueName":"search_term_string"}}],"inLanguage":"cs"}]}</script>
<!-- / Yoast SEO plugin. -->

Jaroslav Dietl (22. května 1929, Záhřeb – 29

O nás
